061625.
5, 13, 29, 31, 139
List the prime factors of 320535125.
5, 157, 16333
List the prime factors of 289227553.
23, 1499, 8389
List the prime factors of 275731827.
3, 7, 13130087
What are the prime factors of 1489878765?
3, 5, 3678713
What are the prime factors of 1256284208?
2, 421, 443
What are the prime factors of 23951308?
2, 107, 523
What are the prime factors of 16710453?
3, 691, 2687
List the prime factors of 48494257.
7, 1193, 5807
What are the prime factors of 63712197?
3, 43, 54877
What are the prime factors of 874277337?
3, 109, 2673631
List the prime factors of 12776510.
2, 5, 1277651
What are the prime factors of 201177239?
137, 1468447
What are the prime factors of 10426083?
3, 17, 89, 2297
What are the prime factors of 86950485?
3, 5, 557, 3469
List the prime factors of 1582033731.
3, 11839, 44543
List the prime factors of 193977426.
2, 3, 32329571
List the prime factors of 16352667.
3, 1816963
List the prime factors of 1334803053.
3, 31, 71, 6521
What are the prime factors of 457775816?
2, 19, 467, 6449
List the prime factors of 17964280.
2, 5, 449107
What are the prime factors of 110268798?
2, 3, 31, 592843
List the prime factors of 1318303960.
2, 5, 953, 34583
List the prime factors of 78779131.
149, 528719
What are the prime factors of 43512219?
3, 181, 26711
What are the prime factors of 251418523?
1259, 199697
What are the prime factors of 3743192856?
2, 3, 13, 1049, 11437
List the prime factors of 59757864.
2, 3, 23, 29, 3733
What are the prime factors of 918609266?
2, 47, 1307, 7477
What are the prime factors of 101762075?
5, 4070483
What are the prime factors of 6552799099?
7, 11, 101, 842587
List the prime factors of 109534452.
2, 3, 41, 127, 1753
What are the prime factors of 108911897?
31, 373, 9419
List the prime factors of 21957112.
2, 2744639
List the prime factors of 2467868652.
2, 3, 131, 523297
What are the prime factors of 43750704?
2, 3, 401, 2273
What are the prime factors of 217879379?
217879379
List the prime factors of 140701341.
3, 11, 167, 211
What are the prime factors of 391986560?
2, 5, 7, 59, 1483
List the prime factors of 28819536.
2, 3, 600407
What are the prime factors of 1469702141?
193, 7615037
What are the prime factors of 416096492?
2, 7, 439, 33851
List the prime factors of 339273874.
2, 23, 79, 89, 1049
List the prime factors of 374859303.
3, 7, 13, 19, 72269
List the prime factors of 83873125.
5, 7, 19, 1009
List the prime factors of 1027248914.
2, 2753, 186569
List the prime factors of 105277398.
2, 3, 53, 97, 3413
List the prime factors of 61689188.
2, 11, 11587
What are the prime factors of 179740172?
2, 43, 53, 19717
What are the prime factors of 119618671?
109, 1097419
What are the prime factors of 74376117?
3, 1051, 2621
What are the prime factors of 256810726?
2, 19, 47, 143791
What are the prime factors of 2041873722?
2, 3, 7, 19, 852913
What are the prime factors of 159893580?
2, 3, 5, 7, 11, 53, 653
What are the prime factors of 636463882?
2, 617, 515773
What are the prime factors of 438803170?
2, 5, 13, 3375409
What are the prime factors of 1959988381?
13, 150768337
List the prime factors of 108323688.
2, 3, 11, 410317
List the prime factors of 52957064.
2, 37, 178909
What are the prime factors of 6754892087?
37, 173, 269, 3923
List the prime factors of 336632203.
29, 53, 219019
What are the prime factors of 15115835?
5, 7, 431881
What are the prime factors of 27023168?
2, 19, 71, 313
What are the prime factors of 18754428?
2, 3, 7, 11, 20297
What are the prime factors of 3248742696?
2, 3, 53, 2554043
What are the prime factors of 714878185?
5, 7, 20425091
List the prime factors of 1126713816.
2, 3, 109, 143567
What are the prime factors of 1493799433?
7, 719, 296801
What are the prime factors of 55684935?
3, 5, 412481
List the prime factors of 51571918.
2, 29, 889171
What are the prime factors of 876748319?
59, 14860141
List the prime factors of 172854198.
2, 3, 11, 17, 89, 577
What are the prime factors of 19274125?
5, 13, 29, 409
List the prime factors of 1378137252.
2, 3, 137, 449, 1867
List the prime factors of 526818629.
47, 251, 44657
What are the prime factors of 637122577?
7, 13, 7001347
List the prime factors of 395099217.
3, 43899913
What are the prime factors of 4584783872?
2, 233, 1201
List the prime factors of 4160390970.
2, 3, 5, 138679699
List the prime factors of 3863846374.
2, 1931923187
List the prime factors of 166658967.
3, 2143, 8641
List the prime factors of 18568322.
2, 97, 95713
What are the prime factors of 380055950?
2, 5, 7601119
List the prime factors of 37073674.
2, 11, 19, 733
List the prime factors of 194854928.
2, 12178433
What are the prime factors of 26160030?
2, 3, 5, 13, 29, 257
What are the prime factors of 2765914394?
2, 317, 4362641
What are the prime factors of 1089926397?
3, 7, 53, 449, 727
What are the prime factors of 14356513?
14356513
What are the prime factors of 251105710?
2, 5, 19, 83, 15923
List the prime factors of 54381314.
2, 13, 71, 89, 331
What are the prime factors of 257235655?
5, 29, 37, 47947
What are the prime factors of 636188007?
3, 7, 13, 131, 17789
List the prime factors of 32841629.
32841629
What are the prime factors of 2935735805?
5, 31, 2137, 8863
List the prime factors of 90434819.
90434819
What are the prime factors of 5817012244?
2, 53, 457, 60041
List the prime factors of 112771114.
2, 1327, 42491
What are the prime factors of 908773773?
3, 31, 127, 76943
What are the prime factors of 21929375?
5, 13, 2699
What are the prime factors of 174911806?
2, 87455903
What are the prime factors of 3887951759?
3887951759
List the prime factors of 71326317.
3, 1453, 16363
List the prime factors of 380134633.
37, 331, 31039
What are the prime factors of 396169077?
3, 132056359
List the prime factors of 570906758.
2, 285453379
What are the prime factors of 1308871487?
7, 11, 19, 127807
What are the prime factors of 2800837908?
2, 3, 11, 7072823
What are the prime factors of 3349283498?
2, 11, 983, 154873
List the prime factors of 177940856.
2, 881, 25247
List the prime factors of 1566456230.
2, 5, 156645623
What are the prime factors of 215508530?
2, 5, 21550853
List the prime factors of 29105836.
2, 17, 428027
List the prime factors of 41605488.
2, 3, 29, 41
What are the prime factors of 177145612?
2, 7, 59, 157, 683
What are the prime factors of 1117601965?
5, 10613, 21061
List the prime factors of 150104162.
2, 13, 53, 108929
What are the prime factors of 113056465?
5, 317, 71329
List the prime factors of 1952582285.
5, 59, 6618923
What are the prime factors of 696404687?
11, 47, 383, 3517
List the prime factors of 198518.
2, 99259
What are the prime factors of 79581876?
2, 3, 11, 337, 1789
List the prime factors of 2800013799.
3, 11, 59, 1438117
What are the prime factors of 113333178?
2, 3, 7, 397, 971
List the prime factors of 95332129.
241, 449, 881
List the prime factors of 170517675.
3, 5, 2273569
What are the prime factors of 3623458811?
7, 139, 532001
What are the prime factors of 14356664?
2, 7, 256369
List the prime factors of 167084304.
2, 3, 37, 94079
What are the prime factors of 120761940?
2, 3, 5, 13, 154823
List the prime factors of 4338761672.
2, 7, 77477887
What are the prime factors of 51267073?
11, 13, 19, 18869
What are the prime factors of 2948981626?
2, 1474490813
List the prime factors of 2060473472.
2, 73, 220513
List the prime factors of 1641727396.
2, 23, 1879, 9497
List the prime factors of 358479210.
2, 3, 5, 11949307
What are the prime factors of 25816833?
3, 7, 23, 5939
What are the prime factors of 57811534?
2, 11, 137, 19181
List the prime factors of 428079922.
2, 214039961
What are the prime factors of 671440998?
2, 3, 37, 523, 5783
What are the prime factors of 307103862?
2, 3, 13, 3937229
What are the prime factors of 6672533?
7, 31, 97, 317
List the prime factors of 194317889.
31, 67, 93557
What are the prime factors of 48748249?
11, 4431659
What are the prime factors of 1593695404?
2, 7, 241, 33739
What are the prime factors of 42004073?
42004073
What are the prime factors of 1007655115?
5, 1871, 107713
List the prime factors of 1391207792.
2, 13, 6688499
List the prime factors of 381348689.
381348689
What are the prime factors of 445380484?
2, 17, 919, 7127
What are the pr